-1). Suppose 2*j - 40 = -o, -4*j = -3*j + 4*o - 20. Suppose 24*v - 28 = j*v. What is the highest common factor of i and v?
7
Let x be (-2)/(-7) - (-290)/14. Suppose 2*g + 7 = g. Let c be 2/7 + (-19)/g. What is the highest common divisor of x and c?
3
Let v be ((-78)/(-12))/(6/(-12)). Let a(l) = -3*l + l**3 + 9 - 3*l + 1 + 13*l**2. Let z be a(v). Calculate the highest common divisor of 22 and z.
22
Let m(b) = b**2 + 4*b - 10. Let j be m(-6). Suppose -2*k - 3*k - j*s + 110 = 0, -5*s - 55 = -4*k. What is the greatest common divisor of 40 and k?
20
Let r = -4 - -84. Let t(j) be the first derivative of -j**4/4 - 11*j**3/3 + 12*j**2 - 16*j - 4. Let u be t(-13). What is the greatest common factor of r and u?
10
Let n = -1 - -3. Let p = 66 + -19. Suppose -177 = -n*d + p. What is the greatest common divisor of 16 and d?
16
Let q = -41 - -73. What is the highest common factor of q and 10?
2
Let u(t) = 7*t**2 + 11*t - 92. Let r be u(-6). Calculate the greatest common divisor of 3854 and r.
94
Suppose 18*b + 1506 = 16266. Calculate the greatest common factor of 60 and b.
20
Let l = -1013 - -1021. Calculate the highest common divisor of 296 and l.
8
Suppose 14*o - 10*o - 8 = 0. Suppose a + o - 3 = 0. Let q(w) = -w**2 + 3*w + 2. Let d be q(3). Calculate the highest common divisor of a and d.
1
Let n = 32 - 30. Suppose 50 + 33 = 5*w + 3*m, -2*m + n = 0. What is the highest common divisor of 16 and w?
16
Suppose 2*q = k - 6, 90 + 10 = 5*k + 4*q. Let v(i) = -i**3 - 7*i**2 + 9*i + 31. Let x be v(-9). Calculate the highest common factor of k and x.
16
Let w be (-14)/(-63) + 3596/18. What is the highest common divisor of w and 275?
25
Let v be 1/(6 + 53/(-9)). What is the greatest common divisor of v and 387?
9
Let t = 120 - 72. Let k(n) be the third derivative of -n**5/20 - 11*n**4/8 + n**3 + 13*n**2. Let r be k(-11). What is the greatest common divisor of r and t?
6
Let a be ((-57)/38)/(6/(-20)). Let f = a - -8. Let y(s) = -s**2 + 10*s - 3. Let m be y(8). What is the greatest common divisor of f and m?
13
Suppose -3*r = -137 + 11. Suppose 0 = 2*p + 4*q + 30, 2 = -2*q + 4. Let g = p + 23. Calculate the highest common divisor of r and g.
6
Suppose 67*s = 7466 - 2307. Calculate the highest common divisor of s and 143.
11
Let b(t) = -64*t - 29. Let u be b(-6). Calculate the greatest common divisor of u and 142.
71
Suppose g + 2*g - 144 = 0. Suppose -3 = -7*q + 39. Calculate the highest common divisor of q and g.
6
Let i be 1/1*21 - 0. Suppose -13*j + 24 = -19*j. Let q = j - -25. Calculate the highest common divisor of i and q.
21
Let v(i) = -21*i**3 - i**2 + i + 2. Let j(l) = -l**3 + l**2 - 1. Let t be j(0). Let q be v(t). Calculate the greatest common factor of 21 and q.
21
Suppose 4*f = -2*b + 12, b - 4*f - 16 = 8. What is the highest common divisor of b and 66?
6
Suppose 55*b - 52*b + 3*g = 54, 3*g + 51 = 4*b. Suppose 3*q = -19 + 109. What is the greatest common divisor of b and q?
15
Let k be (-6)/((-48)/56) - -237. Calculate the greatest common factor of 1098 and k.
122
Let r be 267*(7/3 + -2). Let d = r + -15. Suppose 0 = 5*v - 16 - d. What is the greatest common divisor of v and 162?
18
Let b(c) = c**3 - c**2 - c + 6. Suppose g = -6 + 10. Let q be b(g). Calculate the highest common factor of q and 10.
10
Suppose -5*q = -5*g - 15, g - 21 = 3*g - 5*q. Suppose -g*s - 33 = -s. Let u be (0 + -2)/(6/s). What is the greatest common factor of u and 121?
11
Suppose 2*g - 3*h - 108 = 163, -2*g + 295 = 5*h. Let v(y) = -28*y**3 + y**2 + y. Let p be v(-1). Calculate the highest common factor of g and p.
28
Let u(t) = -29*t + 26*t + 14 + 52. Let l be u(16). Suppose -c - 5*p + 32 = 0, 0*p - 68 = -4*c - 5*p. What is the highest common factor of l and c?
6
Let u = 166 + -143. Calculate the greatest common factor of u and 667.
23
Let i = -454 + 805. Suppose 4*o + 99 - i = 0. Calculate the greatest common factor of o and 42.
21
Let k(q) = -q**3 - 4*q**2 + 2*q + 4. Let c be k(-4). Let j be (c/5)/((-1)/5). Suppose 3*r = j*r - 132. What is the highest common factor of 12 and r?
12
Suppose 0 = 9*m + 58 - 454. Let v be -1*((-2)/2 - 65). Calculate the greatest common divisor of v and m.
22
Let s be ((-117)/(-6))/((1 + -4)/(-54)). What is the highest common factor of 9 and s?
9
Let d = -54 + 52. Let n be (-8 - d - -5) + 25 + 0. Calculate the greatest common factor of n and 96.
24
Let w(u) = 22*u - 9. Let n be w(2). Suppose 4*f - 3*h - 389 = 37, 4*f + 4*h - 412 = 0. Calculate the highest common factor of n and f.
35
Let i = 457 - 241. Let n = -13 - -40. Calculate the highest common divisor of i and n.
27
Let i be (5/4)/((-1)/(-8)). Suppose 6*d - 2 - 58 = 0. Calculate the greatest common factor of i and d.
10
Let r(q) = q**2. Let s be r(2). Suppose 45*o - 1283 - 157 = 0. What is the greatest common factor of o and s?
4
Let z(h) = -h**3 - 15*h**2 - 25*h + 17. Let c be z(-13). Suppose 0 = l - 12 - 8. Let j = 8 + l. Calculate the highest common divisor of c and j.
4
Suppose -4 = 2*z - 4*r, 3*z - 4*z - 11 = -5*r. Suppose -2*h - h - 15 = -2*b, -54 = -z*b - 2*h. What is the greatest common factor of 12 and b?
12
Let z be (12*10/150)/(4/50). What is the greatest common divisor of 10 and z?
10
Let b(p) = 4*p**2 - 29*p - 7. Let n be b(9). Suppose 0 = 3*t + 8 + 10. Let g be -3*(0 - (-16)/t). Calculate the greatest common factor of g and n.
8
Suppose 3*k = 3*s - 27, -2*s - 18*k + 14*k = 12. What is the highest common divisor of 284 and s?
4
Let u = 78 - 75. Suppose 0 = -2*d - u*k + 40, 4*d - k - 11 = 41. Let y be (2 - -2)*(-1)/(-2). What is the greatest common factor of d and y?
2
Let m = -34 + 132. What is the highest common divisor of m and 154?
14
Let c be (((-81)/(-4))/(-1))/((-729)/1944). Calculate the greatest common divisor of 297 and c.
27
Let x(g) = 2*g**2 + g - 16. Let p be x(-4). Calculate the greatest common factor of 16 and p.
4
Let w be (-6)/(-12) - (190/(-4) - 0). Suppose -u = -x + u + 64, 5*u - 380 = -5*x. Calculate the greatest common divisor of x and w.
24
Suppose 0 = -0*j - 2*j + 4*x + 72, 117 = 4*j + x. Let m = 14 - 4. Calculate the highest common divisor of j and m.
10
Let x be (-4 - -5) + (-2 - -14). Suppose 16*l = x*l + 36. What is the greatest common factor of l and 4?
4
Let c be 8/44 + 174/11. What is the greatest common factor of c and 256?
16
Let h be (-4)/3*-3 - -4. Suppose -7*m + h*m - 4 = 0. Suppose 3*d + 24 = 2*w, 29 = 3*w - m*d - 9. What is the highest common factor of w and 90?
18
Suppose 0 = 60*o - 111*o + 6732. Calculate the greatest common factor of 891 and o.
33
Let y = 53 - 28. Let s(i) = i + 17. Let q be s(-14). Suppose -f + 9 = 4*w, f - w + q*w = 7. Calculate the highest common divisor of y and f.
5
Suppose -82*a + 96*a - 518 = 0. What is the highest common divisor of a and 2923?
37
Suppose -55*p = -83*p + 2548. Calculate the greatest common factor of p and 21.
7
Suppose 0*f + 7*f - 14 = 0. Suppose 0 = v + 5*c - 4, -f*c = -2*v + 2*c + 36. What is the greatest common divisor of 182 and v?
14
Suppose 1379 = 28*p - 1085. What is the highest common factor of p and 16?
8
Suppose 17*o - 1709 = -485. What is the greatest common factor of 16 and o?
8
Let w = 117 + -120. Let a(g) be the first derivative of -g**4/4 - g**3 - g**2 + 2*g + 2. Let k be a(w). What is the greatest common divisor of 64 and k?
8
Suppose 4*g + 4 = -4, 0 = 3*m + 5*g - 800. Let p = -28 + 58. Calculate the greatest common divisor of p and m.
30
Suppose -2*n - 1 = 5*i, 0*n + 4*n + 8 = -4*i. Let o be 2/(-2) - (-34 + i - -5). What is the highest common factor of 18 and o?
9
Suppose 7*p + 27 = r + 2*p, 0 = -3*r + p + 53. Suppose -17*y - 408 = -20*y. What is the highest common divisor of y and r?
17
Suppose 9 = -3*m, -5*y - 13*m + 207 = -17*m. What is the highest common divisor of 338 and y?
13
Let x(r) = 0 + 3 - 7 + 2*r. Let i be x(3). Let w be ((-8)/6)/((-3)/45). Calculate the greatest common factor of i and w.
2
Let q be 2/(-2)*(-387 + 57). Calculate the greatest common divisor of 20 and q.
10
Let z = 580 - 233. Let c = 551 - z. What is the greatest common factor of c and 12?
12
Let i = -10 + 15. Let t(j) = j**2 - j - 10. Let c be t(i). What is the highest common factor of 20 and c?
10
Suppose -2*o - 1 = x, x + 5 = -5*o - 5. What is the greatest common divisor of x and 115?
5
Suppose 3*s = 2*